hat are the prime factors of o?
2, 397
Let r be (-26)/(-6) - 8/24. Suppose 5*p + 76 + 6 = 3*k, 0 = -3*k - r*p + 64. What are the prime factors of k?
2, 3
Suppose -2 = 5*f - 6*f. Suppose -f*o - 94 = -4*t - 18, 5*o = t - 28. What are the prime factors of (47 + -2)*t/30?
3
Suppose -i + 3*d = -888, -21*d = 4*i - 25*d - 3512. List the prime factors of i.
3, 97
Suppose 0 = 2*m + 228 - 702. What are the prime factors of m?
3, 79
Suppose 5*b = -3*t + 60, 0 = -b + 2*t - 1. Suppose 3*x - 4*n - b = 2*x, -5*x = n - 129. List the prime factors of x.
5
Suppose 0 = -3*v - 16 - 92. Let t = v - -60. List the prime factors of t.
2, 3
Suppose 4*b + 10072 = 4*n, -23*n + 17*n - 2*b = -15124. List the prime factors of n.
2, 3, 5, 7
Suppose 0 = -g + 3*u + 7, 4*u + 49 = -4*g + 13. Let f be -4 - 37 - (g - -2). Let d = -23 - f. List the prime factors of d.
3, 5
Let m be 6/(-21) - (-16)/7. Let h be (m/3)/((-3)/(-9)). Suppose -2*o + 5*n + 19 = -0*n, -15 = -h*o + n. What are the prime factors of o?
7
Suppose -5*k + 15 = 4*v + 3, -2*v - k = -12. Let g = 64 + -44. Let w = g + v. What are the prime factors of w?
2, 7
Let s = 124 - 120. Suppose -s*f + 593 = -3*j, 3*j = f - j - 145. List the prime factors of f.
149
Suppose -5*l - 15 = 10. Let v(k) = 3*k - 3. Let a be v(-6). Let f = l - a. List the prime factors of f.
2
Suppose -3*a + 17461 = 5*x, 4*x - 5821 = -a + 2*x. What are the prime factors of a?
3, 7, 277
Suppose -2*r + 420 + 20 = 3*d, -4*r - 770 = -5*d. List the prime factors of d.
2, 3, 5
Suppose -1382 = 3*h - 6674. What are the prime factors of h?
2, 3, 7
Suppose 4 = 5*c - 3*c. Suppose 2*m = 4*u + 4, 0*m - 2*u = -c*m + 6. Suppose -2*l - 4 = -3*q - 7*l, -m*q + 16 = 4*l. List the prime factors of q.
2
Suppose -n = -3*h - 287, -3*h = -2*n - 8*h + 618. List the prime factors of n.
13, 23
Suppose h + 7458 + 764 = 2*m, -3*h = -5*m + 20556. List the prime factors of m.
2, 3, 5, 137
Suppose 2*p = 4*p - 436. Let y = 317 - p. List the prime factors of y.
3, 11
Let a = -14 - -22. Suppose -a = 4*o + 2*d + 2, -5*d = 5. Let t(l) = -13*l - 2. List the prime factors of t(o).
2, 3
Suppose 0 = -t + 5*y + 390, 2*y - 4*y + 383 = t. What are the prime factors of t?
5, 7, 11
Let w = -43 + 87. Let l(o) = -3*o - 4. Let c be l(-6). Suppose q + c = w. What are the prime factors of q?
2, 3, 5
Suppose 0*j = 20*j - 100. Let b be (-2)/(-5) + (-218)/(-5). Suppose j*w - b = w. What are the prime factors of w?
11
Let d be (-7)/((-56)/1473) - 2/16. Let x = -126 + d. List the prime factors of x.
2, 29
Let q = 1329 - 774. List the prime factors of q.
3, 5, 37
Suppose 10 = 4*o + 4*f - 14, 2*f = -4*o + 22. What are the prime factors of (-15045)/(-75) - (-2)/o?
3, 67
Let x(k) = -k**2 - 10*k - 6. Let c be x(-10). Suppose -f = 5*z - 223, -z - 5*f + 0*f + 35 = 0. What are the prime factors of (-1 - c)*72/z?
2
Let p be 14/(-49) + (-2256)/(-7). Let l = p - 222. What are the prime factors of l?
2, 5
Suppose 85 - 83 = -v. What are the prime factors of (-10)/45*-87*(-3)/v?
29
Let t(z) = z**3 - 19*z**2 + 20*z + 16. Let u be t(18). List the prime factors of ((-351)/u)/((-6)/128).
2, 3
Let r = -254 - -74. Let n = -108 - r. What are the prime factors of ((-2)/4)/((-3)/n)?
2, 3
Let j = -284 + 323. What are the prime factors of j?
3, 13
What are the prime factors of ((-1744)/(-40))/(2/(-240)*-4)?
2, 3, 109
Suppose -5*p = -2*p - 834. Suppose 2*u - p = -2*q - 0*q, -q + 139 = 3*u. List the prime factors of q/2 - (-12)/(-8).
2, 17
Let h be -6*(-3)/2 - 4. Suppose -h*d = 2*w - 316, -3*w = -3*d + w + 200. What are the prime factors of d?
2
Let i(y) = 2*y - 12. Let m be i(10). Suppose 2*s = d + 78, 0 = -5*s + m*d - 3*d + 190. List the prime factors of s.
2, 5
Suppose -30 = 13*p - 19*p. What are the prime factors of p?
5
Let l(o) = -o + 3. Suppose -9 = p + 1. Let y = 6 + p. List the prime factors of l(y).
7
Suppose -5*b + 10 = 2*d, 3*b - 4 = b - 4*d. Let f = b - -2. Suppose 0 = -3*q + f + 11. What are the prime factors of q?
5
Let f = -2136 + 3142. What are the prime factors of f?
2, 503
Suppose 3*n + 7 = -5. Let m(a) = -3*a**3 + a**2 + 6*a. Let z(f) = -2*f**3 + 2*f**2 + 6*f + 1. Let y(d) = 3*m(d) - 4*z(d). List the prime factors of y(n).
2
Suppose -219*z = -209*z - 8780. What are the prime factors of z?
2, 439
Suppose 2*c = -4*c + 48. Suppose -4*t + c*t + j = 472, j - 118 = -t. List the prime factors of t.
2, 59
Let n = 1170 + -369. What are the prime factors of n?
3, 89
Let b = 6 - -3. What are the prime factors of (474/b)/(14/21)?
79
Let g = 85 - 81. List the prime factors of 320/g + 1 + 0/4.
3
Let i = 32 - 33. Let o be ((-35)/(-25) + i)*290. Let d = -33 + o. List the prime factors of d.
83
Suppose -4*h - 5*r + 3 = 0, 0 = 5*h - 5*r + r - 14. Suppose 9*j - 5*j = -p + 628, -320 = -h*j - 2*p. What are the prime factors of j?
2, 3, 13
Let b(r) be the third derivative of r**6/24 + r**5/15 + r**4/6 - 13*r**3/6 - 39*r**2. What are the prime factors of b(2)?
3, 17
Let w = -547 + 941. What are the prime factors of w?
2, 197
List the prime factors of (7 - 1) + 3308/2.
2, 5, 83
Let c(s) = 908*s**3 - 3*s**2 + 2*s - 1. What are the prime factors of c(1)?
2, 3, 151
Let v be (-1)/(-4) - (-135)/36. Let a be (2 - 10/v)*-4. Suppose -a*k - k = -2*t - 180, 0 = 3*t. List the prime factors of k.
2, 3, 5
Let x = -44 + 184. Let s = -93 + x. List the prime factors of s.
47
Suppose 4*r = 4*z + 14924, -8*z + 11205 = 3*r - 7*z. List the prime factors of r.
2, 1867
Let u(i) = -i**3 - 4*i**2 + 2*i - 6. Let k = -53 - -46. What are the prime factors of u(k)?
127
Let s(z) = 553*z**2 + 9*z + 10. List the prime factors of s(-1).
2, 277
Let a = -596 + 1037. List the prime factors of a.
3, 7
Let q(w) = 967*w**2 - 3*w + 1. List the prime factors of q(1).
5, 193
Let d(s) = -237*s + 428. What are the prime factors of d(-12)?
2, 409
Let x(i) = -i**3 + 100. Let m be (-1)/2*((-4 - -4) + 0). List the prime factors of x(m).
2, 5
Let u be 1 - (-1 + 0 + -1). Suppose 0 = -3*k + u - 0. List the prime factors of k/(((-20)/36)/(-5)).
3
Suppose -4*g = 2*p - g - 891, 4*p = -5*g + 1779. Suppose 133 = -4*f + p. What are the prime factors of f?
7, 11
Let t = -103 - -532. Suppose t = -3*y + 6*y. List the prime factors of y.
11, 13
Let j = -13 + -28. Let v = j - -43. List the prime factors of v.
2
Suppose 724 = 5*l + 19. Let q = l - 137. List the prime factors of q.
2
Suppose 1340 = 4*b + b. Suppose 0 = -4*a + 4*l + b, -5*l + 169 = -3*a + 5*a. Suppose -5*t + a - 22 = 0. What are the prime factors of t?
2, 5
Let a be (144/(-21))/(8/(-56)). List the prime factors of (-184)/(-10) - a/120.
2, 3
Let a(u) = u + 21. Let z be a(-9). Suppose 1050 = -z*f + 18*f. List the prime factors of f.
5, 7
Suppose 0 = b + 9 - 13. Suppose -b*p = 2*p - 24. What are the prime factors of 38/(35/(-10) + p)?
2, 19
Let o(a) = 3*a**3 - 4*a**2 + 5*a - 4. Suppose 4*m + 4 = 6*m. What are the prime factors of o(m)?
2, 7
Let a = 31 - 31. What are the prime factors of 16 - a/(4 + -1)?
2
Let r = 714 - 422. List the prime factors of r.
2, 73
Suppose g - 9 = -2*s + 7*s, -g = -2*s - 3. Let d be 87/s*(-2)/(-1). Let b = -49 - d. List the prime factors of b.
2, 19
Let d(k) = 3*k**3 - 6*k**2 + 2*k - 4. List the prime factors of d(6).
2, 5, 11
Suppose 0 = -4*m - 4*o + 1108, o - 5*o - 852 = -3*m. Suppose 0 = -2*p - 2*p - m. List the prime factors of p/(-3) - (-2)/3.
2, 3
Suppose -4*a + 18 = -a - 3*b, 2 = -a - b. Let l be -4 - -4 - (-10)/a. Suppose l*n = 6*n - 25. What are the prime factors of n?
5
Let t(o) = -o**3 - 8*o**2 - 2*o - 4. Let c be t(-8). Let g(j) = -4*j + c + 9*j + 5*j - 3*j. What are the prime factors of g(8)?
2, 17
Let d(q) be the first derivative of -q**3/3 - 6*q**2 - 11*q + 2. Suppose 0 = -3*v + 9, 5*a + v = -38 + 1. What are the prime factors of d(a)?
3, 7
Let y = 16 + 59. Let a = y + -41. What are the prime factors of a?
2, 17
Let w(z) be the second derivative of z**4/12 - z**3/6 - 3*z. Let v(r) = 5*r**2 - 6*r - 4. Let n(x) = v(x) - w(x). What are the prime factors of n(-3)?
47
Suppose -5*z = -2*i - 15, 0 = 4*i + 3*z + 9 - 44. Suppose 567 = i*q + a, -a - 1 = 2. What are the prime factors of q?
2, 3, 19
Let m be (-3 + 1)*106/(-4). Let y = m + 21. What are the prime factors of y?
2, 37
Let n be 21/49 - (-160)/(-14). Let p = n - -25. What are the prime factors of p?
2, 7
Let r be (1/(-2))/((-4)/(24*2)). Lis